4138285 (base 9) to base 16.
21bb07
Convert 723640 (base 10) to base 12.
2aa934
258bb43 (base 12) to base 4
130033102203
-499525 (base 10) to base 3
-221101012221
Convert -101100001000000111110010 (base 2) to base 15.
-1037687
Convert 970391 (base 12) to base 7.
26162611
Convert 3203011012 (base 4) to base 10.
930118
12021501 (base 6) to base 4
1123312231
Convert -110111111111110000 (base 2) to base 14.
-5d82c
-1244302 (base 5) to base 10
-24952
Convert 5140896 (base 11) to base 4.
202220123131
8a3b7 (base 15) to base 12
192491
78b38 (base 12) to base 14
4275a
Convert 11010100011010011100111 (base 2) to base 13.
1599173
59413 (base 14) to base 13
78059
Convert 28514 (base 10) to base 13.
cc95
What is 359b7 (base 12) in base 8?
215133
34995 (base 12) to base 2
10001001110000001
What is -120012222002 (base 3) in base 8?
-1111112
-217381 (base 10) to base 4
-311010211
Convert -121022011021 (base 3) to base 5.
-40232000
What is -11111000010011001111001 (base 2) in base 8?
-37023171
What is d6104 (base 14) in base 6?
15021120
-1235983 (base 10) to base 16
-12dc0f
Convert 10000000000011110001 (base 2) to base 4.
2000003301
-72249c (base 13) to base 3
-12000012201100
163178 (base 15) to base 12
439358
251444515 (base 6) to base 5
2214433121
What is -6b6309 (base 12) in base 6?
-101042013
Convert -19ba920 (base 12) to base 16.
-537fa8
47442 (base 11) to base 14
1ad07
1e87a8 (base 15) to base 2
101101101011100011010
What is -390e (base 16) in base 11?
-aa79
Convert -470a8 (base 12) to base 5.
-11021133
60451535 (base 7) to base 4
103021312301
What is -2742261 (base 8) in base 12?
-3123a9
What is -12133110210 (base 4) in base 5?
-413414111
What is 45e27 (base 15) in base 12?
a896a
Convert -430779 (base 10) to base 14.
-b2dbd
22022300 (base 4) to base 3
2010010112
What is 15715436 (base 8) in base 12?
1278aa6
-1723c (base 14) to base 2
-1110001011010110
What is 452410 (base 8) in base 5?
14342330
110222011210 (base 3) to base 10
255279
505570 (base 11) to base 13
225b31
Convert 6702217 (base 9) to base 11.
2041503
Convert 3100111123 (base 4) to base 11.
533143
What is 1463233 (base 8) in base 2?
1100110011010011011
Convert 1311305 (base 6) to base 4.
101132321
Convert 2a574 (base 16) to base 13.
60c28
What is 538cc (base 13) in base 3?
21200000111
What is 343420400 (base 5) in base 11?
965947
1060404 (base 8) to base 4
1012010010
Convert 525202 (base 7) to base 2.
10110001000011100
What is -21142320 (base 5) in base 16?
-2b6ab
Convert 1028095 (base 10) to base 15.
15494a
Convert 288872 (base 11) to base 8.
1560555
Convert -20153147 (base 8) to base 10.
-4249191
122bba5 (base 12) to base 8
15415355
What is 1210201220 (base 3) in base 11?
2476a
-1010100010100010010000 (base 2) to base 11
-1617894
-7154443 (base 8) to base 15
-27529a
6b617 (base 16) to base 14
b6407
What is -3c8ae (base 16) in base 3?
-110121011112
22101022101 (base 3) to base 8
502164
Convert -1322037 (base 8) to base 12.
-159b3b
Convert b41aa (base 12) to base 7.
1666645
What is 11011110001010111 (base 2) in base 4?
123301113
What is 100033 (base 4) in base 16?
40f
What is 1730347 (base 8) in base 2?
1111011000011100111
What is 430603 (base 10) in base 16?
6920b
What is 395c8 (base 16) in base 3?
102221021221
What is 205400220 (base 6) in base 12?
1269070
Convert 155136 (base 12) to base 15.
720e3
1004050 (base 7) to base 12
58a94
Convert 291b516 (base 12) to base 10.
8251938
1833459 (base 10) to base 9
3404026
What is 20211011222200 (base 3) in base 14?
6a5268
-18e4eb (base 15) to base 3
-2021121120112
27080 (base 9) to base 15
564c
53400 (base 11) to base 6
1355350
What is 1413455 (base 6) in base 14?
2117d
What is 29852 (base 10) in base 4?
13102130
b9c14 (base 16) to base 10
760852
What is -130123021 (base 4) in base 10?
-116425
146645365 (base 7) to base 14
14517dc
What is -3115a6 (base 14) in base 13?
-45c850
What is -364dd9 (base 16) in base 6?
-204140133
What is -1001111000010000101011 (base 2) in base 10?
-2589739
Convert -2010220220 (base 3) to base 15.
-c7a0
What is 369220 (base 15) in base 5?
1132101410
-15c43 (base 16) to base 6
-1524431
What is -b5f9 (base 16) in base 10?
-46585
Convert 17b14aa (base 12) to base 11.
2887300
What is 9e12 (base 15) in base 11?
23223
What is -9a2084 (base 14) in base 7?
-62312224
58540 (base 14) to base 6
4335404
Convert 1264300 (base 9) to base 12.
294600
1a1732 (base 15) to base 12
513392
14178928 (base 10) to base 9
28610744
2580464 (base 11) to base 4
101002112023
-415133 (base 8) to base 4
-201221123
Convert 12220054 (base 7) to base 12.
44b014
Convert -32886 (base 9) to base 5.
-1144432
-1000110000010001101111101 (base 2) to base 16
-118237d
21211021210 (base 3) to base 8
454655
Convert -32250 (base 6) to base 4.
-1011012
Convert -233033112 (base 4) to base 5.
-22142434
Convert 5415323 (base 7) to base 6.
22050225
What is 324413223 (base 5) in base 11?
879a95
What is b70738 (base 13) in base 2?
10000010110001111000100
12037022 (base 9) to base 2
10110011001010001000001
-713b61 (base 13) to base 4
-22003211231
Convert -a441c (base 14) to base 11.
-250531
Convert 34430312 (base 5) to base 8.
1140044
-5766808 (base 9) to base 6
-150433012
What is -68242 (base 11) in base 14?
-27ddc
1101101022 (base 3) to base 5
1333001
Convert -68489 (base 12) to base 15.
-2b266
22642422 (base 7) to base 15
295b03
-102201022220 (base 3) to base 10
-230604
What is 10a4425 (base 12) in base 8?
14153535
Convert 101011111001000100 (base 2) to base 7.
1346066
1686b97 (base 13) to base 14
d7d9b6
-42c3 (base 16) to base 13
-7a19
What is 35bab (base 13) in base 16?
1816c
Convert -2ad584 (base 15) to base 16.
-1f966c
3036858 (base 9) to base 16
18b489
Convert -962265 (base 11) to base 14.
-2c1480
Convert 100011010101110010 (base 2) to base 14.
3aa78
-110110001101110 (base 2) to base 5
-1342013
5b350 (base 12) to base 7
1022061
Convert 54131113 (base 6) to base 8.
6061425
-7716535 (base 8) to base 4
-13321311131
-25551011 (base 6) to base 14
-17b939
Convert -11001000001010010001 (base 2) to base 15.
-112dc2
What is -2752a9 (base 15) in base 13?
-512706
Convert -7538354 (base 9) to base 15.
-54c594
Convert 2457104 (base 10) to base 3.
11121211111212
What is 110110111100011100111110 (base 2) in base 13?
2ca3c21
What is -139784 (base 11) in base 14?
-5959a
-21222121 (base 4) to base 12
-1aaa1
What is -1133152 (base 9) in base 13?
-185a26
-35a02 (base 11) to base 9
-78034
18542 (base 16) to base 12
49802
What is 6932 (base 12) in base 11?
8879
101373 (base 11) to base 3
22021100120
What is -22020332 (base 4) in base 9?
-62868
-80033 (base 9) to base 5
-3140033
Convert 58b22 (base 13) to base 10.
162268
Convert -3631627 (base 10) to base 3.
-20211111122201
What is -654656 (base 7) in base 15?
-23e1e
-35535044 (base 7) to base 10
-3151859
-6bbb74 (base 12) to base 4
-12221033020
4687660 (base 9) to base 15
3520c9
-3244230 (base 6) to base 13
-58773
-286325 (base 11) to base 15
-8c956
Convert 6152133 (base 7) to base 15.
e7db0
Convert 17e83 (base 16) to base 9.
158283
303cb1 (base 14) to base 15
2213ab
-106407 (base 16) to base 8
-4062007
a17366 (base 12) to base 6
130014210
-26957aa (base 12) to base 3
-112102020102011
2855568 (base 9) to base 2
101111111110101011111
Convert 50a32 (base 14) to base 6.
4054312
Convert 2c8a2 (base 16) to base 11.
11507a
14934 (base 16) to base 2
10100100100110100
What is 13330de (base 15) in base 13?
2b334cc
Convert 3212212 (base 5) to base 7.
313413
-12c284 (base 14) to base 10
-648092
aad50 (base 14) to base 8
1451012
Convert 66832 (base 10) to base 16.
10510
What is 10100011110111001110 (base 2) in base 16?
a3dce
What is -510c40 (base 13) in base 15?
-274221
Convert 234513 (base 13) to base 7.
10056624
-f79 (base 16) to base 4
-331321
41030020 (base 5) to base 14
883a2
11266915 (base 10) to base 2
101010111110101101100011
Convert -25050 (base 12) to base 3.
-2112211020
What is 4400400110 (base 5) in base 7?
142535615
What is -11573716 (base 8) in base 16?
-26f7ce
What is -223562 (base 10) in base 7?
-1620533
What is 40113 (base 8) in base 3?
211120121
What is 211092 (base 12) in base 2?
1111111000000101110
-36b08c (base 16) to base 13
-9864c1
937b (base 12) to base 16
3ecf
What is 52443220 (base 6) in base 15?
20350c
Convert 154267 (b